85d1 + -9c?
b68533
In base 8, what is 411445 - 112?
411333
In base 4, what is 312123101130 - 101?
312123101023
In base 2, what is -100011 - 11011111001001101001011?
-11011111001001101101110
In base 12, what is -48b064 + -134?
-48b198
In base 7, what is 516364243 + -4?
516364236
In base 9, what is 542060 - 706?
541253
In base 14, what is -58d - -12b?
-462
In base 3, what is -101222101 - -212012012?
110012211
In base 10, what is -10 + -393649?
-393659
In base 7, what is -3401 - 11402?
-15103
In base 16, what is -b6c9 - -2e6?
-b3e3
In base 14, what is 45d + -11c55?
-117d6
In base 10, what is -2 - -426384527?
426384525
In base 12, what is -350 - -283480?
283130
In base 7, what is 124241415 - -2?
124241420
In base 12, what is 80a5 - -42?
8127
In base 7, what is 5 + 5254455?
5254463
In base 14, what is 6da28b72 + 3?
6da28b75
In base 16, what is 11711b64 + -2?
11711b62
In base 11, what is -5924 - 4686?
-a4aa
In base 5, what is 1402224 + -212?
1402012
In base 6, what is 115220 + 21340?
141000
In base 2, what is 100 - -101001110101000101101?
101001110101000110001
In base 11, what is 3 + 2052389?
2052391
In base 10, what is 431 + 14674?
15105
In base 12, what is -5 - -8270ba?
8270b5
In base 11, what is 2 - -29a1440?
29a1442
In base 14, what is 1 - -136670a?
136670b
In base 14, what is 99178a7 + -13?
9917894
In base 13, what is 10aa00b - -9?
10aa017
In base 7, what is 1306510454 + -1?
1306510453
In base 15, what is 5 - -2463d2?
2463d7
In base 2, what is -101 - 1001100111011011011?
-1001100111011100000
In base 7, what is 5 - 4315063653?
-4315063645
In base 13, what is -75ac4b - -16?
-75ac35
In base 4, what is -323010 + 2313011?
1330001
In base 9, what is 27565 - 113?
27452
In base 6, what is -131245 + 131132?
-113
In base 14, what is -69 - 156a5?
-15730
In base 9, what is 222325045 + 12?
222325057
In base 4, what is 13000322 - 32101?
12302221
In base 8, what is -122 - -3473564?
3473442
In base 12, what is -170194 - 70?
-170244
In base 13, what is -6c3 + 517b?
4788
In base 5, what is 244443324 - -4?
244443333
In base 11, what is 1 - -1586067?
1586068
In base 9, what is -64137180 + 3?
-64137176
In base 4, what is 1011 - -22202320130?
22202321201
In base 3, what is -221200222000110201 + -12?
-221200222000110220
In base 16, what is -4 - -200a87?
200a83
In base 16, what is 24cab6 + 2?
24cab8
In base 8, what is -1101271 - 6?
-1101277
In base 7, what is -4 - 3403652524?
-3403652531
In base 11, what is 1a15330 - 7?
1a15324
In base 10, what is -34 + 5154314?
5154280
In base 2, what is -101000111101 - -1100110001?
-11100001100
In base 15, what is 4 + 52cad64?
52cad68
In base 13, what is -1 + 11865b8?
11865b7
In base 9, what is 5882771 + 0?
5882771
In base 11, what is -5495a752 + 2?
-5495a750
In base 15, what is 96 + 250664?
25070a
In base 12, what is 32 - 322245?
-322213
In base 12, what is 26bb3a + -11?
26bb29
In base 5, what is 4 - 3032034410?
-3032034401
In base 9, what is -2 + 34760254?
34760252
In base 7, what is 30103 - 1430?
25343
In base 12, what is 826031 + -74?
825b79
In base 9, what is -20181 - -215?
-18865
In base 16, what is 129a7 - 11b?
1288c
In base 15, what is 4b - -1073?
10be
In base 16, what is 6aed48 - 2?
6aed46
In base 16, what is bfa0 + -26a?
bd36
In base 13, what is 3 - 7321a14?
-7321a11
In base 4, what is 221 + -123123030313?
-123123030032
In base 4, what is 13 - 100131230230?
-100131230211
In base 15, what is -10 + 18b0512?
18b0502
In base 14, what is -1ad33c1 - 0?
-1ad33c1
In base 13, what is -74b6a7 + -62?
-74b739
In base 15, what is -2646e92 - 4?
-2646e96
In base 13, what is 290 + 661?
921
In base 6, what is -4 - -451034052?
451034044
In base 3, what is -2012201101121 - 10?
-2012201101201
In base 5, what is -1022 + -2240421?
-2241443
In base 12, what is -1709642 - 2?
-1709644
In base 8, what is 7 - 670325?
-670316
In base 7, what is 5534 + 1013464?
1022331
In base 4, what is -12111211231 + -1?
-12111211232
In base 6, what is -22002303 - -252?
-22002011
In base 8, what is 5 + -10416512?
-10416505
In base 8, what is -1737 - 36131?
-40070
In base 14, what is 41183c - 2?
41183a
In base 14, what is 1b2 - 68a69?
-68897
In base 9, what is -1673446 - 2?
-1673448
In base 2, what is -1001001100000000101 + -100111000?
-1001001100100111101
In base 6, what is -5525121 + 24322?
-5500355
In base 7, what is 11613 - -255?
12201
In base 11, what is 1 + -14a9874?
-14a9873
In base 15, what is -190 + abea?
aa5a
In base 9, what is 130 + 55467?
55607
In base 11, what is 0 + 15a8210?
15a8210
In base 16, what is 953a7 - -3?
953aa
In base 12, what is 69476 - 234?
69242
In base 4, what is -1100 + -33310211?
-33311311
In base 6, what is 121 - 32153350?
-32153225
In base 7, what is -34552116 - 12?
-34552131
In base 11, what is 1a2 + 2554?
2746
In base 5, what is 1331203222 + 24?
1331203301
In base 7, what is -302010 - 605?
-302615
In base 12, what is -7 - 15b55b5?
-15b5600
In base 11, what is -12003 - -5?
-11aa9
In base 3, what is -12012120202 - 1?
-12012120210
In base 6, what is 121153052523 - 5?
121153052514
In base 5, what is 3 - 1213341241?
-1213341233
In base 7, what is -1 - -10313411?
10313410
In base 13, what is -11b99b4 - 4?
-11b99b8
In base 16, what is 21 + -77e9?
-77c8
In base 14, what is -9b317d + c5?
-9b3098
In base 15, what is -9 - -25842a9?
25842a0
In base 5, what is 1232 + 103243001?
103244233
In base 8, what is 111 + 1257435?
1257546
In base 10, what is -2851878 + -66?
-2851944
In base 15, what is -205c - 23d?
-229a
In base 2, what is 1011111000111010110 - -100?
1011111000111011010
In base 14, what is 3a - -6963?
699d
In base 8, what is -3 + 2644335674?
2644335671
In base 3, what is 101202012200 + 212110?
101210002010
In base 5, what is 40 + 1334112133?
1334112223
In base 15, what is 21 - 4222da?
-4222b9
In base 15, what is -342 - -1b564?
1b222
In base 3, what is -12012010101210102 + -2?
-12012010101210111
In base 10, what is -302866509 + -3?
-302866512
In base 4, what is 11002331 - 100232?
10302033
In base 14, what is -7d - 1b08bdb?
-1b08c7a
In base 14, what is -4 + -510134?
-510138
In base 2, what is 11000 + -1000110101111011?
-1000110101100011
In base 5, what is 1042410 + -1001434?
40421
In base 9, what is 55814 + -1218?
54585
In base 4, what is -21002203 + -1212002?
-22220211
In base 8, what is 163326515 + -1?
163326514
In base 6, what is -33250351 + -4?
-33250355
In base 13, what is -54 - -20a439?
20a3b5
In base 13, what is 204 - -320b48?
32104c
In base 7, what is 102214 + 5106?
110323
In base 11, what is 8516 - -1183?
9699
In base 2, what is 101110110010010110 + -10111?
101110110001111111
In base 6, what is 2352 - -241432?
244224
In base 10, what is 52371209 - 3?
52371206
In base 15, what is -96d + 1751?
cd3
In base 5, what is -2 + 1242134303313?
1242134303311
In base 13, what is -4176689 - 5?
-4176691
In base 9, what is 1114246 - 14?
1114232
In base 12, what is 2592749 + 11?
259275a
In base 3, what is 220 - -100010002011111?
100010002012101
In base 10, what is 226999 - 1570?
225429
In base 11, what is -13a9 - 5239?
-6637
In base 10, what is -2743936 + 91?
-2743845
In base 7, what is -121115420 - 122?
-121115542
In base 2, what is 101101110111011000010100 - 11?
101101110111011000010001
In base 15, what is 18361cb1 - 1?
18361cb0
In base 12, what is -a04a5 + 210?
-a0295
In base 2, what is 101 - 101000000110101001001111101?
-101000000110101001001111000
In base 7, what is -3030532 - 142?
-3031004
In base 14, what is 231110 - -46?
231156
In base 5, what is -102443242 - -3?
-102443234
In base 7, what is -615 - 10050?
-10665
In base 15, what is -2a96b07d - 3?
-2a96b081
In base 10, what is 702306 + 2?
702308
In base 16, what is -13067 + 88b?
-127dc
In base 2, what is 11100110010110011101 + 110?
11100110010110100011
In base 2, what is -10110011011101011111 - -11?
-10110011011101011100
In base 10, what is -64484 - -1185?
-63299
In base 7, what is 121 - 1026305?
-1026154
In base 9, what is 102547 - 6?
102541
In base 5, what is 3123403 + 22142?
3201100
In base 6, what is -1255 + -30055153?
-30100452
In base 10, what is -79 + -796475?
-796554
In base 5, what is -31022 - 421422?
-1002444
In base 16, what is -11780 - -31?
-1174f
In base 14, what is 994 - 1d011?
-1c45b
In base 5, what is -3433324430 - -14?
-3433324411
In base 14, what is -6 - 1d6d1b3?
-1d6